216.73.217.10 - - [15/May/2026:09:02:24 -0700] "GET /view/item/054192784774?fileloc=%2Fhome%2Ftvypkwena2lu%2Fpublic_html%2Frobots.txt&path=%2Fhome%2Ftvypkwena2lu%2Fpublic_html HTTP/2.0" 200 2537 "-" "Mozilla/5.0 AppleWebKit/537.36 (KHTML, like Gecko; compatible; ClaudeBot/1.0; +claudebot@anthropic.com)" 156 **0/156676**
216.73.217.10 - - [15/May/2026:09:02:27 -0700] "GET /view/item/052331412341?fileloc=%2Fhome%2Ftvypkwena2lu%2Fpublic_html%2Fwp-content%2Fuploads%2F6-88f34f56_1-640x320.png&path=%2Fhome%2Ftvypkwena2lu%2Fpublic_html%2Fwp-content%2Fuploads HTTP/2.0" 200 2522 "-" "Mozilla/5.0 AppleWebKit/537.36 (KHTML, like Gecko; compatible; ClaudeBot/1.0; +claudebot@anthropic.com)" 147 **0/147531**
217.113.194.4 - - [15/May/2026:09:02:28 -0700] "GET /guide-complet-du-casino-en-ligne-tout-ce-que-vous-devez-savoir-avant-de-jouer-121/ HTTP/1.1" 200 3810 "-" "Mozilla/5.0 (compatible; Barkrowler/0.9; +https://babbar.tech/crawler)" 166 **0/166136**
216.73.217.10 - - [15/May/2026:09:02:30 -0700] "GET /view/item/053651394697?fileloc=%2Fhome%2Ftvypkwena2lu%2Fpublic_html%2Fwp-content%2Fuploads%2Fphoto1-320x320.jpg&path=%2Fhome%2Ftvypkwena2lu%2Fpublic_html%2Fwp-content%2Fuploads HTTP/2.0" 200 2516 "-" "Mozilla/5.0 AppleWebKit/537.36 (KHTML, like Gecko; compatible; ClaudeBot/1.0; +claudebot@anthropic.com)" 126 **0/126500**
216.73.217.10 - - [15/May/2026:09:02:33 -0700] "GET /view/item/052331412341?fileloc=%2Fhome%2Ftvypkwena2lu%2Fpublic_html%2Fwp-content%2Fuploads%2Fimg_19501-992x744.jpg&path=%2Fhome%2Ftvypkwena2lu%2Fpublic_html%2Fwp-content%2Fuploads HTTP/2.0" 200 2520 "-" "Mozilla/5.0 AppleWebKit/537.36 (KHTML, like Gecko; compatible; ClaudeBot/1.0; +claudebot@anthropic.com)" 131 **0/131698**
216.73.217.10 - - [15/May/2026:09:02:36 -0700] "GET /view/item/052331412341?fileloc=%2Fhome%2Ftvypkwena2lu%2Fpublic_html%2Fwp-content%2Fuploads%2Fimg_22681-768x768.jpg&path=%2Fhome%2Ftvypkwena2lu%2Fpublic_html%2Fwp-content%2Fuploads HTTP/2.0" 200 2519 "-" "Mozilla/5.0 AppleWebKit/537.36 (KHTML, like Gecko; compatible; ClaudeBot/1.0; +claudebot@anthropic.com)" 144 **0/144060**
216.73.217.10 - - [15/May/2026:09:02:39 -0700] "GET /view/item/053651394697?fileloc=%2Fhome%2Ftvypkwena2lu%2Fpublic_html%2Fwp-content%2Fuploads%2Fimg_0449-1-320x320.jpg&path=%2Fhome%2Ftvypkwena2lu%2Fpublic_html%2Fwp-content%2Fuploads HTTP/2.0" 200 2520 "-" "Mozilla/5.0 AppleWebKit/537.36 (KHTML, like Gecko; compatible; ClaudeBot/1.0; +claudebot@anthropic.com)" 152 **0/152297**
216.73.217.10 - - [15/May/2026:09:02:42 -0700] "GET /view/item/053651394697?fileloc=%2Fhome%2Ftvypkwena2lu%2Fpublic_html%2Fwp-content%2Fuploads%2Fcasino-58-kopija-320x320.jpeg&path=%2Fhome%2Ftvypkwena2lu%2Fpublic_html%2Fwp-content%2Fuploads HTTP/2.0" 200 2525 "-" "Mozilla/5.0 AppleWebKit/537.36 (KHTML, like Gecko; compatible; ClaudeBot/1.0; +claudebot@anthropic.com)" 139 **0/139760**
217.113.194.4 - - [15/May/2026:09:02:44 -0700] "GET /guide-complet-du-casino-en-ligne-tout-ce-que-vous-devez-savoir-avant-de-jouer-40/ HTTP/1.1" 200 3810 "-" "Mozilla/5.0 (compatible; Barkrowler/0.9; +https://babbar.tech/crawler)" 136 **0/136065**
216.73.217.10 - - [15/May/2026:09:02:45 -0700] "GET /view/item/05663945266?fileloc=%2Fhome%2Ftvypkwena2lu%2Fpublic_html%2Fwp-content%2Fuploads%2Fimg_0385-992x1324.jpg&path=%2Fhome%2Ftvypkwena2lu%2Fpublic_html%2Fwp-content%2Fuploads HTTP/2.0" 200 2520 "-" "Mozilla/5.0 AppleWebKit/537.36 (KHTML, like Gecko; compatible; ClaudeBot/1.0; +claudebot@anthropic.com)" 139 **0/139985**
216.73.217.10 - - [15/May/2026:09:02:48 -0700] "GET /view/item/053907536068?fileloc=%2Fhome%2Ftvypkwena2lu%2Fpublic_html%2Fwp-content%2Fuploads%2Fimg_0449-1-992x992.jpg&path=%2Fhome%2Ftvypkwena2lu%2Fpublic_html%2Fwp-content%2Fuploads HTTP/2.0" 200 2520 "-" "Mozilla/5.0 AppleWebKit/537.36 (KHTML, like Gecko; compatible; ClaudeBot/1.0; +claudebot@anthropic.com)" 140 **0/140616**
216.73.217.10 - - [15/May/2026:09:02:51 -0700] "GET /view/item/052331412341?fileloc=%2Fhome%2Ftvypkwena2lu%2Fpublic_html%2Fwp-content%2Fuploads%2Fimg_1614-992x1323.jpg&path=%2Fhome%2Ftvypkwena2lu%2Fpublic_html%2Fwp-content%2Fuploads HTTP/2.0" 200 2520 "-" "Mozilla/5.0 AppleWebKit/537.36 (KHTML, like Gecko; compatible; ClaudeBot/1.0; +claudebot@anthropic.com)" 125 **0/125725**
216.73.217.10 - - [15/May/2026:09:02:54 -0700] "GET /view/item/053651394697?fileloc=%2Fhome%2Ftvypkwena2lu%2Fpublic_html%2Fwp-content%2Fuploads%2Fimg_09541-768x768.jpg&path=%2Fhome%2Ftvypkwena2lu%2Fpublic_html%2Fwp-content%2Fuploads HTTP/2.0" 200 2519 "-" "Mozilla/5.0 AppleWebKit/537.36 (KHTML, like Gecko; compatible; ClaudeBot/1.0; +claudebot@anthropic.com)" 2998 **2/2998084**
216.73.217.10 - - [15/May/2026:09:02:57 -0700] "GET /view/item/052331412341?fileloc=%2Fhome%2Ftvypkwena2lu%2Fpublic_html%2Fwp-content%2Fuploads%2Fimg_2570-768x1024.jpg&path=%2Fhome%2Ftvypkwena2lu%2Fpublic_html%2Fwp-content%2Fuploads HTTP/2.0" 200 2520 "-" "Mozilla/5.0 AppleWebKit/537.36 (KHTML, like Gecko; compatible; ClaudeBot/1.0; +claudebot@anthropic.com)" 132 **0/132839**
217.113.194.10 - - [15/May/2026:09:02:59 -0700] "GET /guide-complet-du-casino-en-ligne-tout-ce-que-vous-devez-savoir-avant-de-jouer-126/ HTTP/1.1" 200 3810 "-" "Mozilla/5.0 (compatible; Barkrowler/0.9; +https://babbar.tech/crawler)" 116 **0/116309**
216.73.217.10 - - [15/May/2026:09:03:00 -0700] "GET /view/item/053651394697?fileloc=%2Fhome%2Ftvypkwena2lu%2Fpublic_html%2Fwp-content%2Fuploads%2Fimg_3360-768x1024.jpg&path=%2Fhome%2Ftvypkwena2lu%2Fpublic_html%2Fwp-content%2Fuploads HTTP/2.0" 200 2520 "-" "Mozilla/5.0 AppleWebKit/537.36 (KHTML, like Gecko; compatible; ClaudeBot/1.0; +claudebot@anthropic.com)" 140 **0/140880**
216.73.217.10 - - [15/May/2026:09:03:03 -0700] "GET /view/item/053651394697?fileloc=%2Fhome%2Ftvypkwena2lu%2Fpublic_html%2Fwp-content%2Fuploads%2Fimg_3384-992x1323.jpg&path=%2Fhome%2Ftvypkwena2lu%2Fpublic_html%2Fwp-content%2Fuploads HTTP/2.0" 200 2521 "-" "Mozilla/5.0 AppleWebKit/537.36 (KHTML, like Gecko; compatible; ClaudeBot/1.0; +claudebot@anthropic.com)" 169 **0/169400**
216.73.217.10 - - [15/May/2026:09:03:06 -0700] "GET /view/item/052331412341?fileloc=%2Fhome%2Ftvypkwena2lu%2Fpublic_html%2Fwp-content%2Fuploads%2Fimg_14331-1-768x576.jpg&path=%2Fhome%2Ftvypkwena2lu%2Fpublic_html%2Fwp-content%2Fuploads HTTP/2.0" 200 2521 "-" "Mozilla/5.0 AppleWebKit/537.36 (KHTML, like Gecko; compatible; ClaudeBot/1.0; +claudebot@anthropic.com)" 129 **0/129096**
216.73.217.10 - - [15/May/2026:09:03:09 -0700] "GET /view/item/053651394697?fileloc=%2Fhome%2Ftvypkwena2lu%2Fpublic_html%2Fwp-content%2Fuploads%2Fimg_18651-320x320.jpg&path=%2Fhome%2Ftvypkwena2lu%2Fpublic_html%2Fwp-content%2Fuploads HTTP/2.0" 200 2519 "-" "Mozilla/5.0 AppleWebKit/537.36 (KHTML, like Gecko; compatible; ClaudeBot/1.0; +claudebot@anthropic.com)" 129 **0/129192**
114.119.136.24 - - [15/May/2026:09:03:10 -0700] "GET /pinco-online-kazino-azrbaycanda-oyun-seimlri-v-259/ HTTP/1.1" 200 3810 "https://www.leageller.com/kazino-onlajn-2025-poluchite-nezabyvaemye-270/" "Mozilla/5.0 (Linux; Android 7.0;) AppleWebKit/537.36 (HTML, like Gecko) Mobile Safari/537.36 (compatible; PetalBot;+https://webmaster.petalsearch.com/site/petalbot)" 120 **0/120783**
216.73.217.10 - - [15/May/2026:09:03:12 -0700] "GET /view/item/05663945266?fileloc=%2Fhome%2Ftvypkwena2lu%2Fpublic_html%2Fwp-content%2Fuploads%2Fimg_22721-768x768.jpg&path=%2Fhome%2Ftvypkwena2lu%2Fpublic_html%2Fwp-content%2Fuploads HTTP/2.0" 200 2519 "-" "Mozilla/5.0 AppleWebKit/537.36 (KHTML, like Gecko; compatible; ClaudeBot/1.0; +claudebot@anthropic.com)" 137 **0/137849**
217.113.194.11 - - [15/May/2026:09:03:15 -0700] "GET /glory-casino-para-yatrma-ve-ekme-yntemleri-detayl-11/ HTTP/1.1" 200 3810 "-" "Mozilla/5.0 (compatible; Barkrowler/0.9; +https://babbar.tech/crawler)" 183 **0/183220**
216.73.217.10 - - [15/May/2026:09:03:15 -0700] "GET /view/item/053422032773?fileloc=%2Fhome%2Ftvypkwena2lu%2Fpublic_html%2Fwp-content%2Fuploads%2Fimg_14171-992x992.jpg&path=%2Fhome%2Ftvypkwena2lu%2Fpublic_html%2Fwp-content%2Fuploads HTTP/2.0" 200 2520 "-" "Mozilla/5.0 AppleWebKit/537.36 (KHTML, like Gecko; compatible; ClaudeBot/1.0; +claudebot@anthropic.com)" 155 **0/155622**
216.73.217.10 - - [15/May/2026:09:03:18 -0700] "GET /view/item/053651394697?fileloc=%2Fhome%2Ftvypkwena2lu%2Fpublic_html%2Fwp-content%2Fuploads%2Fimg_0885-992x1323.jpg&path=%2Fhome%2Ftvypkwena2lu%2Fpublic_html%2Fwp-content%2Fuploads HTTP/2.0" 200 2521 "-" "Mozilla/5.0 AppleWebKit/537.36 (KHTML, like Gecko; compatible; ClaudeBot/1.0; +claudebot@anthropic.com)" 153 **0/153836**
216.73.217.10 - - [15/May/2026:09:03:21 -0700] "GET /view/item/053422032773?fileloc=%2Fhome%2Ftvypkwena2lu%2Fpublic_html%2Fwp-content%2Fuploads%2Fonline-casinos-249-992x661.jpeg&path=%2Fhome%2Ftvypkwena2lu%2Fpublic_html%2Fwp-content%2Fuploads HTTP/2.0" 200 2525 "-" "Mozilla/5.0 AppleWebKit/537.36 (KHTML, like Gecko; compatible; ClaudeBot/1.0; +claudebot@anthropic.com)" 150 **0/150703**
216.73.217.10 - - [15/May/2026:09:03:24 -0700] "GET /view/item/052331412341?fileloc=%2Fhome%2Ftvypkwena2lu%2Fpublic_html%2Fwp-content%2Fuploads%2Fonline-casinos-790-992x638.jpeg&path=%2Fhome%2Ftvypkwena2lu%2Fpublic_html%2Fwp-content%2Fuploads HTTP/2.0" 200 2526 "-" "Mozilla/5.0 AppleWebKit/537.36 (KHTML, like Gecko; compatible; ClaudeBot/1.0; +claudebot@anthropic.com)" 128 **0/128702**
216.73.217.10 - - [15/May/2026:09:03:27 -0700] "GET /view/item/05663945266?fileloc=%2Fhome%2Ftvypkwena2lu%2Fpublic_html%2Fwp-content%2Fuploads%2Fimg_25321-768x576.jpg&path=%2Fhome%2Ftvypkwena2lu%2Fpublic_html%2Fwp-content%2Fuploads HTTP/2.0" 200 2520 "-" "Mozilla/5.0 AppleWebKit/537.36 (KHTML, like Gecko; compatible; ClaudeBot/1.0; +claudebot@anthropic.com)" 137 **0/137751**
66.249.70.97 - - [15/May/2026:09:03:30 -0700] "GET /view/item/131217145778 HTTP/1.1" 200 27234 "-" "Mozilla/5.0 (Linux; Android 6.0.1; Nexus 5X Build/MMB29P) AppleWebKit/537.36 (KHTML, like Gecko) Chrome/148.0.7778.96 Mobile Safari/537.36 (compatible; Googlebot/2.1; +http://www.google.com/bot.html)" 350 **0/350558**
217.113.194.10 - - [15/May/2026:09:03:30 -0700] "GET /the-evolution-of-video-slots-a-deep-dive-into-player-engagement-and-technical-excellence/ HTTP/1.1" 200 3810 "-" "Mozilla/5.0 (compatible; Barkrowler/0.9; +https://babbar.tech/crawler)" 148 **0/148639**
216.73.217.10 - - [15/May/2026:09:03:30 -0700] "GET /view/item/052331412341?fileloc=%2Fhome%2Ftvypkwena2lu%2Fpublic_html%2Fwp-content%2Fuploads%2Fimg_0850-992x1323.jpg&path=%2Fhome%2Ftvypkwena2lu%2Fpublic_html%2Fwp-content%2Fuploads HTTP/2.0" 200 2520 "-" "Mozilla/5.0 AppleWebKit/537.36 (KHTML, like Gecko; compatible; ClaudeBot/1.0; +claudebot@anthropic.com)" 157 **0/157302**
216.73.217.10 - - [15/May/2026:09:03:33 -0700] "GET /view/item/053422032773?fileloc=%2Fhome%2Ftvypkwena2lu%2Fpublic_html%2Fwp-content%2Fuploads%2F1013491602lloimiwb-320x320.jpg&path=%2Fhome%2Ftvypkwena2lu%2Fpublic_html%2Fwp-content%2Fuploads HTTP/2.0" 200 2526 "-" "Mozilla/5.0 AppleWebKit/537.36 (KHTML, like Gecko; compatible; ClaudeBot/1.0; +claudebot@anthropic.com)" 133 **0/133525**
216.73.217.10 - - [15/May/2026:09:03:36 -0700] "GET /view/item/053422032773?fileloc=%2Fhome%2Ftvypkwena2lu%2Fpublic_html%2Fwp-content%2Fuploads%2Fimg_18791-992x992.jpg&path=%2Fhome%2Ftvypkwena2lu%2Fpublic_html%2Fwp-content%2Fuploads HTTP/2.0" 200 2519 "-" "Mozilla/5.0 AppleWebKit/537.36 (KHTML, like Gecko; compatible; ClaudeBot/1.0; +claudebot@anthropic.com)" 133 **0/133888**
216.73.217.10 - - [15/May/2026:09:03:39 -0700] "GET /view/item/05663945266?fileloc=%2Fhome%2Ftvypkwena2lu%2Fpublic_html%2Fwp-content%2Fuploads%2F9-kopija-4-320x320.png&path=%2Fhome%2Ftvypkwena2lu%2Fpublic_html%2Fwp-content%2Fuploads HTTP/2.0" 200 2519 "-" "Mozilla/5.0 AppleWebKit/537.36 (KHTML, like Gecko; compatible; ClaudeBot/1.0; +claudebot@anthropic.com)" 140 **0/140092**
216.73.217.10 - - [15/May/2026:09:03:42 -0700] "GET /view/item/053907536068?fileloc=%2Fhome%2Ftvypkwena2lu%2Fpublic_html%2Fwp-content%2Fuploads%2Fimg_10011-768x768.jpg&path=%2Fhome%2Ftvypkwena2lu%2Fpublic_html%2Fwp-content%2Fuploads HTTP/2.0" 403 49883 "-" "Mozilla/5.0 AppleWebKit/537.36 (KHTML, like Gecko; compatible; ClaudeBot/1.0; +claudebot@anthropic.com)" 125 **0/125944**
216.73.217.10 - - [15/May/2026:09:03:45 -0700] "GET /view/item/053358438552?fileloc=%2Fhome%2Ftvypkwena2lu%2Fpublic_html%2Flicense.txt&path=%2Fhome%2Ftvypkwena2lu%2Fpublic_html HTTP/2.0" 403 49883 "-" "Mozilla/5.0 AppleWebKit/537.36 (KHTML, like Gecko; compatible; ClaudeBot/1.0; +claudebot@anthropic.com)" 128 **0/128471**
217.113.194.6 - - [15/May/2026:09:03:46 -0700] "GET /le-app-amate-dagli-adolescenti-e-che-gli-adulti-non-conoscono/ HTTP/1.1" 200 3810 "-" "Mozilla/5.0 (compatible; Barkrowler/0.9; +https://babbar.tech/crawler)" 230 **0/230711**
216.73.217.10 - - [15/May/2026:09:03:48 -0700] "GET /view/item/052340065856?fileloc=%2Fhome%2Ftvypkwena2lu%2Fpublic_html%2Frobots.txt&path=%2Fhome%2Ftvypkwena2lu%2Fpublic_html HTTP/2.0" 403 49883 "-" "Mozilla/5.0 AppleWebKit/537.36 (KHTML, like Gecko; compatible; ClaudeBot/1.0; +claudebot@anthropic.com)" 128 **0/128701**
216.73.217.10 - - [15/May/2026:09:03:51 -0700] "GET /view/item/053907536068?fileloc=%2Fhome%2Ftvypkwena2lu%2Fpublic_html%2Fwp-content%2Fuploads%2F0775880996msvlsxnu-320x320.jpg&path=%2Fhome%2Ftvypkwena2lu%2Fpublic_html%2Fwp-content%2Fuploads HTTP/2.0" 403 49883 "-" "Mozilla/5.0 AppleWebKit/537.36 (KHTML, like Gecko; compatible; ClaudeBot/1.0; +claudebot@anthropic.com)" 138 **0/138424**
216.73.217.10 - - [15/May/2026:09:03:54 -0700] "GET /view/item/053651394697?fileloc=%2Fhome%2Ftvypkwena2lu%2Fpublic_html%2Fwp-content%2Fuploads%2F08084760320758441272.jpg&path=%2Fhome%2Ftvypkwena2lu%2Fpublic_html%2Fwp-content%2Fuploads HTTP/2.0" 403 49883 "-" "Mozilla/5.0 AppleWebKit/537.36 (KHTML, like Gecko; compatible; ClaudeBot/1.0; +claudebot@anthropic.com)" 125 **0/125603**
216.73.217.10 - - [15/May/2026:09:03:57 -0700] "GET /view/item/053907536068?fileloc=%2Fhome%2Ftvypkwena2lu%2Fpublic_html%2Fwp-content%2Fuploads%2Fimg_14321-768x768.jpg&path=%2Fhome%2Ftvypkwena2lu%2Fpublic_html%2Fwp-content%2Fuploads HTTP/2.0" 403 49883 "-" "Mozilla/5.0 AppleWebKit/537.36 (KHTML, like Gecko; compatible; ClaudeBot/1.0; +claudebot@anthropic.com)" 130 **0/130602**
216.73.217.10 - - [15/May/2026:09:04:00 -0700] "GET /view/item/053422032773?fileloc=%2Fhome%2Ftvypkwena2lu%2Fpublic_html%2Fwp-content%2Fuploads%2Fimg_1936-768x768.jpg&path=%2Fhome%2Ftvypkwena2lu%2Fpublic_html%2Fwp-content%2Fuploads HTTP/2.0" 403 49883 "-" "Mozilla/5.0 AppleWebKit/537.36 (KHTML, like Gecko; compatible; ClaudeBot/1.0; +claudebot@anthropic.com)" 130 **0/130998**
217.113.194.7 - - [15/May/2026:09:04:02 -0700] "GET /kazino-odob-axloqi-yutuqlarga-erishish-uchun/ HTTP/1.1" 200 3810 "-" "Mozilla/5.0 (compatible; Barkrowler/0.9; +https://babbar.tech/crawler)" 212 **0/212052**
216.73.217.10 - - [15/May/2026:09:04:03 -0700] "GET /view/item/052331412341?fileloc=%2Fhome%2Ftvypkwena2lu%2Fpublic_html%2Fwp-content%2Fuploads%2Fimg_22821-992x1323.jpg&path=%2Fhome%2Ftvypkwena2lu%2Fpublic_html%2Fwp-content%2Fuploads HTTP/2.0" 403 49883 "-" "Mozilla/5.0 AppleWebKit/537.36 (KHTML, like Gecko; compatible; ClaudeBot/1.0; +claudebot@anthropic.com)" 170 **0/170261**
216.73.217.10 - - [15/May/2026:09:04:06 -0700] "GET /view/item/052137522688?fileloc=%2Fhome%2Ftvypkwena2lu%2Fpublic_html%2Frobots.txt&path=%2Fhome%2Ftvypkwena2lu%2Fpublic_html HTTP/2.0" 403 49883 "-" "Mozilla/5.0 AppleWebKit/537.36 (KHTML, like Gecko; compatible; ClaudeBot/1.0; +claudebot@anthropic.com)" 129 **0/129787**
216.73.217.10 - - [15/May/2026:09:04:09 -0700] "GET /view/item/052045536903?fileloc=%2Fhome%2Ftvypkwena2lu%2F.spamassassinenable&path=%2Fhome%2Ftvypkwena2lu HTTP/2.0" 403 49883 "-" "Mozilla/5.0 AppleWebKit/537.36 (KHTML, like Gecko; compatible; ClaudeBot/1.0; +claudebot@anthropic.com)" 124 **0/124337**
216.73.217.10 - - [15/May/2026:09:04:12 -0700] "GET /view/item/052331412341?fileloc=%2Fhome%2Ftvypkwena2lu%2Fpublic_html%2Fwp-content%2Fuploads%2F20120307-085152-768x768.jpg&path=%2Fhome%2Ftvypkwena2lu%2Fpublic_html%2Fwp-content%2Fuploads HTTP/2.0" 403 49883 "-" "Mozilla/5.0 AppleWebKit/537.36 (KHTML, like Gecko; compatible; ClaudeBot/1.0; +claudebot@anthropic.com)" 164 **0/164890**
216.73.217.10 - - [15/May/2026:09:04:15 -0700] "GET /view/item/053651394697?fileloc=%2Fhome%2Ftvypkwena2lu%2Fpublic_html%2Fwp-content%2Fuploads%2Fimg_1433-1-320x320.jpg&path=%2Fhome%2Ftvypkwena2lu%2Fpublic_html%2Fwp-content%2Fuploads HTTP/2.0" 403 49883 "-" "Mozilla/5.0 AppleWebKit/537.36 (KHTML, like Gecko; compatible; ClaudeBot/1.0; +claudebot@anthropic.com)" 118 **0/118848**
217.113.194.3 - - [15/May/2026:09:04:18 -0700] "GET /12-proven-strategies-to-find-authentic-slavic-romance-safely-at-outreachchicago-us/ HTTP/1.1" 200 3810 "-" "Mozilla/5.0 (compatible; Barkrowler/0.9; +https://babbar.tech/crawler)" 137 **0/137500**
216.73.217.10 - - [15/May/2026:09:04:18 -0700] "GET /view/item/053422032773?fileloc=%2Fhome%2Ftvypkwena2lu%2Fpublic_html%2Fwp-content%2Fuploads%2Fimg_10721-320x320.jpg&path=%2Fhome%2Ftvypkwena2lu%2Fpublic_html%2Fwp-content%2Fuploads HTTP/2.0" 403 49883 "-" "Mozilla/5.0 AppleWebKit/537.36 (KHTML, like Gecko; compatible; ClaudeBot/1.0; +claudebot@anthropic.com)" 164 **0/164948**
216.73.217.10 - - [15/May/2026:09:04:21 -0700] "GET /view/item/051005965468?fileloc=%2Fhome%2Ftvypkwena2lu%2Fpublic_html%2Flicense.txt&path=%2Fhome%2Ftvypkwena2lu%2Fpublic_html HTTP/2.0" 403 49883 "-" "Mozilla/5.0 AppleWebKit/537.36 (KHTML, like Gecko; compatible; ClaudeBot/1.0; +claudebot@anthropic.com)" 159 **0/159767**
216.73.217.10 - - [15/May/2026:09:04:24 -0700] "GET /view/item/053575942633?fileloc=%2Fhome%2Ftvypkwena2lu%2Fpublic_html%2Flicense.txt&path=%2Fhome%2Ftvypkwena2lu%2Fpublic_html HTTP/2.0" 200 9840 "-" "Mozilla/5.0 AppleWebKit/537.36 (KHTML, like Gecko; compatible; ClaudeBot/1.0; +claudebot@anthropic.com)" 149 **0/149527**
216.73.217.10 - - [15/May/2026:09:04:27 -0700] "GET /view/item/053651394697?fileloc=%2Fhome%2Ftvypkwena2lu%2Fpublic_html%2Fwp-content%2Fuploads%2Fimg_0001-768x768.jpg&path=%2Fhome%2Ftvypkwena2lu%2Fpublic_html%2Fwp-content%2Fuploads HTTP/2.0" 200 2518 "-" "Mozilla/5.0 AppleWebKit/537.36 (KHTML, like Gecko; compatible; ClaudeBot/1.0; +claudebot@anthropic.com)" 371 **0/371468**
216.73.217.10 - - [15/May/2026:09:04:30 -0700] "GET /view/item/053422032773?fileloc=%2Fhome%2Ftvypkwena2lu%2Fpublic_html%2Fwp-content%2Fuploads%2Fimg_2867-992x744.jpg&path=%2Fhome%2Ftvypkwena2lu%2Fpublic_html%2Fwp-content%2Fuploads HTTP/2.0" 200 2520 "-" "Mozilla/5.0 AppleWebKit/537.36 (KHTML, like Gecko; compatible; ClaudeBot/1.0; +claudebot@anthropic.com)" 820 **0/820537**
216.73.217.10 - - [15/May/2026:09:04:33 -0700] "GET /view/item/05663945266?fileloc=%2Fhome%2Ftvypkwena2lu%2Fpublic_html%2Fwp-content%2Fuploads%2Fttoht-bg-992x630.jpg&path=%2Fhome%2Ftvypkwena2lu%2Fpublic_html%2Fwp-content%2Fuploads HTTP/2.0" 200 2518 "-" "Mozilla/5.0 AppleWebKit/537.36 (KHTML, like Gecko; compatible; ClaudeBot/1.0; +claudebot@anthropic.com)" 1075 **1/1075770**
217.113.194.10 - - [15/May/2026:09:04:34 -0700] "GET /den-framtida-av-digitala-spel-innovation-ansvarsfullhet-och-teknik-7/ HTTP/1.1" 200 3810 "-" "Mozilla/5.0 (compatible; Barkrowler/0.9; +https://babbar.tech/crawler)" 1052 **1/1052141**
216.73.217.10 - - [15/May/2026:09:04:36 -0700] "GET /view/item/054125005631?fileloc=%2Fhome%2Ftvypkwena2lu%2Fpublic_html%2Frobots.txt&path=%2Fhome%2Ftvypkwena2lu%2Fpublic_html HTTP/2.0" 200 2537 "-" "Mozilla/5.0 AppleWebKit/537.36 (KHTML, like Gecko; compatible; ClaudeBot/1.0; +claudebot@anthropic.com)" 670 **0/670931**
216.73.217.10 - - [15/May/2026:09:04:39 -0700] "GET /view/item/052331412341?fileloc=%2Fhome%2Ftvypkwena2lu%2Fpublic_html%2Fwp-content%2Fuploads%2Fimg_24921-768x1024.jpg&path=%2Fhome%2Ftvypkwena2lu%2Fpublic_html%2Fwp-content%2Fuploads HTTP/2.0" 200 2520 "-" "Mozilla/5.0 AppleWebKit/537.36 (KHTML, like Gecko; compatible; ClaudeBot/1.0; +claudebot@anthropic.com)" 369 **0/369840**
216.73.217.10 - - [15/May/2026:09:04:42 -0700] "GET /view/item/053422032773?fileloc=%2Fhome%2Ftvypkwena2lu%2Fpublic_html%2Fwp-content%2Fuploads%2Fimg_20971-768x768.jpg&path=%2Fhome%2Ftvypkwena2lu%2Fpublic_html%2Fwp-content%2Fuploads HTTP/2.0" 200 2519 "-" "Mozilla/5.0 AppleWebKit/537.36 (KHTML, like Gecko; compatible; ClaudeBot/1.0; +claudebot@anthropic.com)" 139 **0/139093**
216.73.217.10 - - [15/May/2026:09:04:45 -0700] "GET /view/item/053907536068?fileloc=%2Fhome%2Ftvypkwena2lu%2Fpublic_html%2Fwp-content%2Fuploads%2Fimg_15371-320x320.jpg&path=%2Fhome%2Ftvypkwena2lu%2Fpublic_html%2Fwp-content%2Fuploads HTTP/2.0" 200 2519 "-" "Mozilla/5.0 AppleWebKit/537.36 (KHTML, like Gecko; compatible; ClaudeBot/1.0; +claudebot@anthropic.com)" 134 **0/134230**
216.73.217.10 - - [15/May/2026:09:04:48 -0700] "GET /view/item/053422032773?fileloc=%2Fhome%2Ftvypkwena2lu%2Fpublic_html%2Fwp-content%2Fuploads%2Fimg_16811-320x320.jpg&path=%2Fhome%2Ftvypkwena2lu%2Fpublic_html%2Fwp-content%2Fuploads HTTP/2.0" 200 2519 "-" "Mozilla/5.0 AppleWebKit/537.36 (KHTML, like Gecko; compatible; ClaudeBot/1.0; +claudebot@anthropic.com)" 167 **0/167310**
217.113.194.10 - - [15/May/2026:09:04:50 -0700] "GET /il-futuro-del-gioco-d-azzardo-digitale-innovazioni-e-regolamentazioni-9/ HTTP/1.1" 200 3810 "-" "Mozilla/5.0 (compatible; Barkrowler/0.9; +https://babbar.tech/crawler)" 158 **0/158073**
216.73.217.10 - - [15/May/2026:09:04:51 -0700] "GET /view/item/053422032773?fileloc=%2Fhome%2Ftvypkwena2lu%2Fpublic_html%2Fwp-content%2Fuploads%2Fimg_144911-320x320.jpg&path=%2Fhome%2Ftvypkwena2lu%2Fpublic_html%2Fwp-content%2Fuploads HTTP/2.0" 200 2520 "-" "Mozilla/5.0 AppleWebKit/537.36 (KHTML, like Gecko; compatible; ClaudeBot/1.0; +claudebot@anthropic.com)" 147 **0/147109**
216.73.217.10 - - [15/May/2026:09:04:54 -0700] "GET /view/item/053651394697?fileloc=%2Fhome%2Ftvypkwena2lu%2Fpublic_html%2Fwp-content%2Fuploads%2F15860095580867080750.jpg&path=%2Fhome%2Ftvypkwena2lu%2Fpublic_html%2Fwp-content%2Fuploads HTTP/2.0" 200 2522 "-" "Mozilla/5.0 AppleWebKit/537.36 (KHTML, like Gecko; compatible; ClaudeBot/1.0; +claudebot@anthropic.com)" 155 **0/155874**
216.73.217.10 - - [15/May/2026:09:04:57 -0700] "GET /view/item/053422032773?fileloc=%2Fhome%2Ftvypkwena2lu%2Fpublic_html%2Fwp-content%2Fuploads%2Fimg_0898-768x768.jpg&path=%2Fhome%2Ftvypkwena2lu%2Fpublic_html%2Fwp-content%2Fuploads HTTP/2.0" 200 2518 "-" "Mozilla/5.0 AppleWebKit/537.36 (KHTML, like Gecko; compatible; ClaudeBot/1.0; +claudebot@anthropic.com)" 142 **0/142868**
66.249.70.99 - - [15/May/2026:09:04:58 -0700] "GET /discover-the-thrills-of-spin-palace-casino-nz-2/ HTTP/1.1" 200 26888 "-" "Mozilla/5.0 (Linux; Android 6.0.1; Nexus 5X Build/MMB29P) AppleWebKit/537.36 (KHTML, like Gecko) Chrome/148.0.7778.96 Mobile Safari/537.36 (compatible; Googlebot/2.1; +http://www.google.com/bot.html)" 286 **0/286764**
216.73.217.10 - - [15/May/2026:09:05:00 -0700] "GET /view/item/05584725747?fileloc=%2Fhome%2Ftvypkwena2lu%2Fpublic_html%2Flicense.txt&path=%2Fhome%2Ftvypkwena2lu%2Fpublic_html HTTP/2.0" 200 9840 "-" "Mozilla/5.0 AppleWebKit/537.36 (KHTML, like Gecko; compatible; ClaudeBot/1.0; +claudebot@anthropic.com)" 150 **0/150556**
216.73.217.10 - - [15/May/2026:09:05:03 -0700] "GET /view/item/052331412341?fileloc=%2Fhome%2Ftvypkwena2lu%2Fpublic_html%2Fwp-content%2Fuploads%2Fimg_0904-1-768x768.jpg&path=%2Fhome%2Ftvypkwena2lu%2Fpublic_html%2Fwp-content%2Fuploads HTTP/2.0" 200 2520 "-" "Mozilla/5.0 AppleWebKit/537.36 (KHTML, like Gecko; compatible; ClaudeBot/1.0; +claudebot@anthropic.com)" 139 **0/139910**
217.113.194.4 - - [15/May/2026:09:05:05 -0700] "GET /cevrimici-kumarhanede-https-olympcasinotr-com-para-oynayin/ HTTP/1.1" 200 3810 "-" "Mozilla/5.0 (compatible; Barkrowler/0.9; +https://babbar.tech/crawler)" 134 **0/134746**
216.73.217.10 - - [15/May/2026:09:05:06 -0700] "GET /view/item/053907536068?fileloc=%2Fhome%2Ftvypkwena2lu%2Fpublic_html%2Fwp-content%2Fuploads%2Fimg_21171-768x768.jpg&path=%2Fhome%2Ftvypkwena2lu%2Fpublic_html%2Fwp-content%2Fuploads HTTP/2.0" 200 2519 "-" "Mozilla/5.0 AppleWebKit/537.36 (KHTML, like Gecko; compatible; ClaudeBot/1.0; +claudebot@anthropic.com)" 153 **0/153212**
216.73.217.10 - - [15/May/2026:09:05:09 -0700] "GET /view/item/053907536068?fileloc=%2Fhome%2Ftvypkwena2lu%2Fpublic_html%2Fwp-content%2Fuploads%2Fonline-casinos-64.png&path=%2Fhome%2Ftvypkwena2lu%2Fpublic_html%2Fwp-content%2Fuploads HTTP/2.0" 200 2516 "-" "Mozilla/5.0 AppleWebKit/537.36 (KHTML, like Gecko; compatible; ClaudeBot/1.0; +claudebot@anthropic.com)" 202 **0/202378**
216.73.217.10 - - [15/May/2026:09:05:12 -0700] "GET /view/item/05663945266?fileloc=%2Fhome%2Ftvypkwena2lu%2Fpublic_html%2Fwp-content%2Fuploads%2Fimg_0042-768x768.jpg&path=%2Fhome%2Ftvypkwena2lu%2Fpublic_html%2Fwp-content%2Fuploads HTTP/2.0" 200 2518 "-" "Mozilla/5.0 AppleWebKit/537.36 (KHTML, like Gecko; compatible; ClaudeBot/1.0; +claudebot@anthropic.com)" 134 **0/134928**
216.73.217.10 - - [15/May/2026:09:05:15 -0700] "GET /view/item/053651394697?fileloc=%2Fhome%2Ftvypkwena2lu%2Fpublic_html%2Fwp-content%2Fuploads%2Fslicing-smoked-salmon-320x320.jpg&path=%2Fhome%2Ftvypkwena2lu%2Fpublic_html%2Fwp-content%2Fuploads HTTP/2.0" 200 2526 "-" "Mozilla/5.0 AppleWebKit/537.36 (KHTML, like Gecko; compatible; ClaudeBot/1.0; +claudebot@anthropic.com)" 157 **0/157746**
216.73.217.10 - - [15/May/2026:09:05:18 -0700] "GET /view/item/053907536068?fileloc=%2Fhome%2Ftvypkwena2lu%2Fpublic_html%2Fwp-content%2Fuploads%2Fimg_09881-320x320.jpg&path=%2Fhome%2Ftvypkwena2lu%2Fpublic_html%2Fwp-content%2Fuploads HTTP/2.0" 200 2520 "-" "Mozilla/5.0 AppleWebKit/537.36 (KHTML, like Gecko; compatible; ClaudeBot/1.0; +claudebot@anthropic.com)" 120 **0/120257**
217.113.194.6 - - [15/May/2026:09:05:21 -0700] "GET /innovazione-e-strategia-nel-gioco-d-azzardo-online-l-evoluzione-delle-slot-machines/ HTTP/1.1" 200 3810 "-" "Mozilla/5.0 (compatible; Barkrowler/0.9; +https://babbar.tech/crawler)" 167 **0/167564**
216.73.217.10 - - [15/May/2026:09:05:23 -0700] "GET /view/item/053215082329?fileloc=%2Fhome%2Ftvypkwena2lu%2Fpublic_html%2Fwp-includes%2Fcompat.php&path=%2Fhome%2Ftvypkwena2lu%2Fpublic_html%2Fwp-includes HTTP/2.0" 200 7089 "-" "Mozilla/5.0 AppleWebKit/537.36 (KHTML, like Gecko; compatible; ClaudeBot/1.0; +claudebot@anthropic.com)" 142 **0/142737**
216.73.217.10 - - [15/May/2026:09:05:26 -0700] "GET /view/item/052453207008?path=%2Fhome%2Ftvypkwena2lu%2F.spamassassin HTTP/2.0" 200 2815 "-" "Mozilla/5.0 AppleWebKit/537.36 (KHTML, like Gecko; compatible; ClaudeBot/1.0; +claudebot@anthropic.com)" 134 **0/134035**
216.73.217.10 - - [15/May/2026:09:05:29 -0700] "GET /view/item/052956824925?fileloc=%2Fhome%2Ftvypkwena2lu%2Fpublic_html%2Fwp-admin%2Ftools.php&path=%2Fhome%2Ftvypkwena2lu%2Fpublic_html%2Fwp-admin HTTP/2.0" 200 3676 "-" "Mozilla/5.0 AppleWebKit/537.36 (KHTML, like Gecko; compatible; ClaudeBot/1.0; +claudebot@anthropic.com)" 123 **0/123274**
216.73.217.10 - - [15/May/2026:09:05:32 -0700] "GET /view/item/054253846172?path=%2Fhome%2Ftvypkwena2lu%2F.spamassassin HTTP/2.0" 200 2815 "-" "Mozilla/5.0 AppleWebKit/537.36 (KHTML, like Gecko; compatible; ClaudeBot/1.0; +claudebot@anthropic.com)" 128 **0/128424**
45.137.78.39 - - [15/May/2026:09:05:35 -0700] "POST /xmlrpc.php HTTP/1.1" 200 6930 "-" "Mozilla/5.0 (Windows NT 10.0; Win64; x64) AppleWebKit/537.36 (KHTML, like Gecko) Chrome/142.0.0.0 Safari/537.36" 2 **0/2875**
216.73.217.10 - - [15/May/2026:09:05:35 -0700] "GET /view/item/053448312577?fileloc=%2Fhome%2Ftvypkwena2lu%2Fpublic_html%2Fwp-includes%2Fclass-json.php&path=%2Fhome%2Ftvypkwena2lu%2Fpublic_html%2Fwp-includes HTTP/2.0" 200 10965 "-" "Mozilla/5.0 AppleWebKit/537.36 (KHTML, like Gecko; compatible; ClaudeBot/1.0; +claudebot@anthropic.com)" 132 **0/132086**
45.137.78.39 - - [15/May/2026:09:05:35 -0700] "POST /xmlrpc.php HTTP/1.1" 200 6930 "-" "Mozilla/5.0 (Windows NT 10.0; Win64; x64) AppleWebKit/537.36 (KHTML, like Gecko) Chrome/142.0.0.0 Safari/537.36" 2 **0/2102**
45.137.78.39 - - [15/May/2026:09:05:36 -0700] "POST /xmlrpc.php HTTP/1.1" 200 6929 "-" "Mozilla/5.0 (Windows NT 10.0; Win64; x64) AppleWebKit/537.36 (KHTML, like Gecko) Chrome/142.0.0.0 Safari/537.36" 2 **0/2646**
217.113.194.8 - - [15/May/2026:09:05:37 -0700] "GET /vavada-kazino-ofitsial-nyi-sait-svezhie-dannye-i-novosti-9/ HTTP/1.1" 200 3810 "-" "Mozilla/5.0 (compatible; Barkrowler/0.9; +https://babbar.tech/crawler)" 148 **0/148190**
45.137.78.39 - - [15/May/2026:09:05:37 -0700] "POST /xmlrpc.php HTTP/1.1" 200 6935 "-" "Mozilla/5.0 (Windows NT 10.0; Win64; x64) AppleWebKit/537.36 (KHTML, like Gecko) Chrome/142.0.0.0 Safari/537.36" 2 **0/2843**
216.73.217.10 - - [15/May/2026:09:05:38 -0700] "GET /view/item/053552771821?fileloc=%2Fhome%2Ftvypkwena2lu%2Fpublic_html%2Fwp-includes%2Fclass-walker-comment.php&path=%2Fhome%2Ftvypkwena2lu%2Fpublic_html%2Fwp-includes HTTP/2.0" 200 5135 "-" "Mozilla/5.0 AppleWebKit/537.36 (KHTML, like Gecko; compatible; ClaudeBot/1.0; +claudebot@anthropic.com)" 133 **0/133894**
45.137.78.39 - - [15/May/2026:09:05:38 -0700] "POST /xmlrpc.php HTTP/1.1" 200 6888 "-" "Mozilla/5.0 (Windows NT 10.0; Win64; x64) AppleWebKit/537.36 (KHTML, like Gecko) Chrome/142.0.0.0 Safari/537.36" 2 **0/2797**
45.137.78.39 - - [15/May/2026:09:05:39 -0700] "POST /xmlrpc.php HTTP/1.1" 200 6918 "-" "Mozilla/5.0 (Windows NT 10.0; Win64; x64) AppleWebKit/537.36 (KHTML, like Gecko) Chrome/142.0.0.0 Safari/537.36" 7 **0/7666**
45.137.78.39 - - [15/May/2026:09:05:40 -0700] "POST /xmlrpc.php HTTP/1.1" 200 6924 "-" "Mozilla/5.0 (Windows NT 10.0; Win64; x64) AppleWebKit/537.36 (KHTML, like Gecko) Chrome/142.0.0.0 Safari/537.36" 2 **0/2753**
45.137.78.39 - - [15/May/2026:09:05:40 -0700] "POST /xmlrpc.php HTTP/1.1" 200 6924 "-" "Mozilla/5.0 (Windows NT 10.0; Win64; x64) AppleWebKit/537.36 (KHTML, like Gecko) Chrome/142.0.0.0 Safari/537.36" 2 **0/2522**
216.73.217.10 - - [15/May/2026:09:05:41 -0700] "GET /view/item/053463245047?fileloc=%2Fhome%2Ftvypkwena2lu%2Fpublic_html%2Fwp-includes%2Fclass.wp-styles.php&path=%2Fhome%2Ftvypkwena2lu%2Fpublic_html%2Fwp-includes HTTP/2.0" 200 5242 "-" "Mozilla/5.0 AppleWebKit/537.36 (KHTML, like Gecko; compatible; ClaudeBot/1.0; +claudebot@anthropic.com)" 139 **0/139340**
45.137.78.39 - - [15/May/2026:09:05:41 -0700] "POST /xmlrpc.php HTTP/1.1" 200 7025 "-" "Mozilla/5.0 (Windows NT 10.0; Win64; x64) AppleWebKit/537.36 (KHTML, like Gecko) Chrome/142.0.0.0 Safari/537.36" 3 **0/3108**
216.73.217.10 - - [15/May/2026:09:05:44 -0700] "GET /view/item/053894715358?fileloc=%2Fhome%2Ftvypkwena2lu%2Fpublic_html%2Fwp-includes%2Ffeed-atom.php&path=%2Fhome%2Ftvypkwena2lu%2Fpublic_html%2Fwp-includes HTTP/2.0" 200 3691 "-" "Mozilla/5.0 AppleWebKit/537.36 (KHTML, like Gecko; compatible; ClaudeBot/1.0; +claudebot@anthropic.com)" 134 **0/134441**
216.73.217.10 - - [15/May/2026:09:05:47 -0700] "GET /view/item/055133904?fileloc=%2Fhome%2Ftvypkwena2lu%2Fpublic_html%2Fwp-includes%2Fcompat.php&path=%2Fhome%2Ftvypkwena2lu%2Fpublic_html%2Fwp-includes HTTP/2.0" 200 7089 "-" "Mozilla/5.0 AppleWebKit/537.36 (KHTML, like Gecko; compatible; ClaudeBot/1.0; +claudebot@anthropic.com)" 152 **0/152111**
216.73.217.10 - - [15/May/2026:09:05:50 -0700] "GET /view/item/052480119498?fileloc=%2Fhome%2Ftvypkwena2lu%2Fpublic_html%2Fwp-includes%2Fclass-wp-term.php&path=%2Fhome%2Ftvypkwena2lu%2Fpublic_html%2Fwp-includes HTTP/2.0" 200 4266 "-" "Mozilla/5.0 AppleWebKit/537.36 (KHTML, like Gecko; compatible; ClaudeBot/1.0; +claudebot@anthropic.com)" 151 **0/151723**
217.113.194.5 - - [15/May/2026:09:05:52 -0700] "GET /the-future-of-food-navigating-the-impact-of-plant-based-innovations-and-digital-disruption-4/ HTTP/1.1" 200 3810 "-" "Mozilla/5.0 (compatible; Barkrowler/0.9; +https://babbar.tech/crawler)" 116 **0/116857**
216.73.217.10 - - [15/May/2026:09:05:53 -0700] "GET /view/item/053536521926?fileloc=%2Fhome%2Ftvypkwena2lu%2Fpublic_html%2Fwp-admin%2Fwidgets.php&path=%2Fhome%2Ftvypkwena2lu%2Fpublic_html%2Fwp-admin HTTP/2.0" 200 8299 "-" "Mozilla/5.0 AppleWebKit/537.36 (KHTML, like Gecko; compatible; ClaudeBot/1.0; +claudebot@anthropic.com)" 121 **0/121852**
216.73.217.10 - - [15/May/2026:09:05:56 -0700] "GET /view/item/0555658386?fileloc=%2Fhome%2Ftvypkwena2lu%2Fpublic_html%2Fwp-includes%2Fupdate.php&path=%2Fhome%2Ftvypkwena2lu%2Fpublic_html%2Fwp-includes HTTP/2.0" 200 8231 "-" "Mozilla/5.0 AppleWebKit/537.36 (KHTML, like Gecko; compatible; ClaudeBot/1.0; +claudebot@anthropic.com)" 137 **0/137745**
216.73.217.10 - - [15/May/2026:09:05:59 -0700] "GET /view/item/052139696227?fileloc=%2Fhome%2Ftvypkwena2lu%2Fpublic_html%2Fwp-includes%2Fclass-IXR.php&path=%2Fhome%2Ftvypkwena2lu%2Fpublic_html%2Fwp-includes HTTP/2.0" 403 49883 "-" "Mozilla/5.0 AppleWebKit/537.36 (KHTML, like Gecko; compatible; ClaudeBot/1.0; +claudebot@anthropic.com)" 121 **0/121749**
114.119.145.129 - - [15/May/2026:09:06:00 -0700] "GET /free-big-bad-wolf-slot-no-packages-or-subscription-expected/ HTTP/1.1" 200 3810 "https://www.leageller.com/up-x-onlajn-kazino-akcii-i-promokody-2882/" "Mozilla/5.0 (Linux; Android 7.0;) AppleWebKit/537.36 (HTML, like Gecko) Mobile Safari/537.36 (compatible; PetalBot;+https://webmaster.petalsearch.com/site/petalbot)" 136 **0/136262**
216.73.217.10 - - [15/May/2026:09:06:02 -0700] "GET /view/item/05497988189?path=%2Fhome%2Ftvypkwena2lu%2Fpublic_html%2Fimages HTTP/2.0" 403 49883 "-" "Mozilla/5.0 AppleWebKit/537.36 (KHTML, like Gecko; compatible; ClaudeBot/1.0; +claudebot@anthropic.com)" 174 **0/174495**
216.73.217.10 - - [15/May/2026:09:06:05 -0700] "GET /view/item/052331412341?fileloc=%2Fhome%2Ftvypkwena2lu%2Fpublic_html%2Fwp-content%2Fuploads%2Fimg_22661-320x320.jpg&path=%2Fhome%2Ftvypkwena2lu%2Fpublic_html%2Fwp-content%2Fuploads HTTP/2.0" 403 49883 "-" "Mozilla/5.0 AppleWebKit/537.36 (KHTML, like Gecko; compatible; ClaudeBot/1.0; +claudebot@anthropic.com)" 133 **0/133904**
217.113.194.203 - - [15/May/2026:09:06:08 -0700] "GET /from-table-games-to-a-million-pound-jackpot-how-one-player-turned-luck-into-life-changing-wins/ HTTP/1.1" 200 3810 "-" "Mozilla/5.0 (compatible; Barkrowler/0.9; +https://babbar.tech/crawler)" 126 **0/126774**
216.73.217.10 - - [15/May/2026:09:06:08 -0700] "GET /view/item/053651394697?fileloc=%2Fhome%2Ftvypkwena2lu%2Fpublic_html%2Fwp-content%2Fuploads%2Fimg_16531-320x320.jpg&path=%2Fhome%2Ftvypkwena2lu%2Fpublic_html%2Fwp-content%2Fuploads HTTP/2.0" 403 49883 "-" "Mozilla/5.0 AppleWebKit/537.36 (KHTML, like Gecko; compatible; ClaudeBot/1.0; +claudebot@anthropic.com)" 128 **0/128206**
216.73.217.10 - - [15/May/2026:09:06:11 -0700] "GET /view/item/053907536068?fileloc=%2Fhome%2Ftvypkwena2lu%2Fpublic_html%2Fwp-content%2Fuploads%2Fimg_14171-320x320.jpg&path=%2Fhome%2Ftvypkwena2lu%2Fpublic_html%2Fwp-content%2Fuploads HTTP/2.0" 403 49883 "-" "Mozilla/5.0 AppleWebKit/537.36 (KHTML, like Gecko; compatible; ClaudeBot/1.0; +claudebot@anthropic.com)" 127 **0/127925**
216.73.217.10 - - [15/May/2026:09:06:14 -0700] "GET /view/item/053907536068?fileloc=%2Fhome%2Ftvypkwena2lu%2Fpublic_html%2Fwp-content%2Fuploads%2Fphoto-1-320x320.jpg&path=%2Fhome%2Ftvypkwena2lu%2Fpublic_html%2Fwp-content%2Fuploads HTTP/2.0" 403 49883 "-" "Mozilla/5.0 AppleWebKit/537.36 (KHTML, like Gecko; compatible; ClaudeBot/1.0; +claudebot@anthropic.com)" 135 **0/135636**
216.73.217.10 - - [15/May/2026:09:06:17 -0700] "GET /view/item/053422032773?fileloc=%2Fhome%2Ftvypkwena2lu%2Fpublic_html%2Fwp-content%2Fuploads%2Fimg_17421-992x992.jpg&path=%2Fhome%2Ftvypkwena2lu%2Fpublic_html%2Fwp-content%2Fuploads HTTP/2.0" 403 49883 "-" "Mozilla/5.0 AppleWebKit/537.36 (KHTML, like Gecko; compatible; ClaudeBot/1.0; +claudebot@anthropic.com)" 131 **0/131090**
216.73.217.10 - - [15/May/2026:09:06:20 -0700] "GET /view/item/053651394697?fileloc=%2Fhome%2Ftvypkwena2lu%2Fpublic_html%2Fwp-content%2Fuploads%2Fimg_0606-992x992.jpg&path=%2Fhome%2Ftvypkwena2lu%2Fpublic_html%2Fwp-content%2Fuploads HTTP/2.0" 403 49883 "-" "Mozilla/5.0 AppleWebKit/537.36 (KHTML, like Gecko; compatible; ClaudeBot/1.0; +claudebot@anthropic.com)" 119 **0/119934**
216.73.217.10 - - [15/May/2026:09:06:23 -0700] "GET /view/item/053907536068?fileloc=%2Fhome%2Ftvypkwena2lu%2Fpublic_html%2Fwp-content%2Fuploads%2Fimg_23841-992x744.jpg&path=%2Fhome%2Ftvypkwena2lu%2Fpublic_html%2Fwp-content%2Fuploads HTTP/2.0" 403 49883 "-" "Mozilla/5.0 AppleWebKit/537.36 (KHTML, like Gecko; compatible; ClaudeBot/1.0; +claudebot@anthropic.com)" 129 **0/129056**
217.113.194.3 - - [15/May/2026:09:06:23 -0700] "GET /mastering-social-slots-a-practical-guide-to-single-and-multi-player-play-on-big-wins-net/ HTTP/1.1" 200 3810 "-" "Mozilla/5.0 (compatible; Barkrowler/0.9; +https://babbar.tech/crawler)" 119 **0/119775**
216.73.217.10 - - [15/May/2026:09:06:26 -0700] "GET /view/item/052331412341?fileloc=%2Fhome%2Ftvypkwena2lu%2Fpublic_html%2Fwp-content%2Fuploads%2Fonline-casinos-64.png&path=%2Fhome%2Ftvypkwena2lu%2Fpublic_html%2Fwp-content%2Fuploads HTTP/2.0" 403 49883 "-" "Mozilla/5.0 AppleWebKit/537.36 (KHTML, like Gecko; compatible; ClaudeBot/1.0; +claudebot@anthropic.com)" 130 **0/130867**
216.73.217.10 - - [15/May/2026:09:06:29 -0700] "GET /view/item/05127960988?fileloc=%2Fhome%2Ftvypkwena2lu%2Fpublic_html%2Flicense.txt&path=%2Fhome%2Ftvypkwena2lu%2Fpublic_html HTTP/2.0" 403 49883 "-" "Mozilla/5.0 AppleWebKit/537.36 (KHTML, like Gecko; compatible; ClaudeBot/1.0; +claudebot@anthropic.com)" 142 **0/142693**
216.73.217.10 - - [15/May/2026:09:06:32 -0700] "GET /view/item/052331412341?fileloc=%2Fhome%2Ftvypkwena2lu%2Fpublic_html%2Fwp-content%2Fuploads%2Fimg_0385-992x1324.jpg&path=%2Fhome%2Ftvypkwena2lu%2Fpublic_html%2Fwp-content%2Fuploads HTTP/2.0" 403 49883 "-" "Mozilla/5.0 AppleWebKit/537.36 (KHTML, like Gecko; compatible; ClaudeBot/1.0; +claudebot@anthropic.com)" 184 **0/184116**
216.73.217.10 - - [15/May/2026:09:06:35 -0700] "GET /view/item/053651394697?fileloc=%2Fhome%2Ftvypkwena2lu%2Fpublic_html%2Fwp-content%2Fuploads%2Fimg_23491-320x320.jpg&path=%2Fhome%2Ftvypkwena2lu%2Fpublic_html%2Fwp-content%2Fuploads HTTP/2.0" 403 49883 "-" "Mozilla/5.0 AppleWebKit/537.36 (KHTML, like Gecko; compatible; ClaudeBot/1.0; +claudebot@anthropic.com)" 129 **0/129008**
216.73.217.10 - - [15/May/2026:09:06:38 -0700] "GET /view/item/0585436501?fileloc=%2Fhome%2Ftvypkwena2lu%2Fpublic_html%2Fwp-content%2Fuploads%2Fpolo.jpg&path=%2Fhome%2Ftvypkwena2lu%2Fpublic_html%2Fwp-content%2Fuploads HTTP/2.0" 403 49883 "-" "Mozilla/5.0 AppleWebKit/537.36 (KHTML, like Gecko; compatible; ClaudeBot/1.0; +claudebot@anthropic.com)" 140 **0/140165**
217.113.194.3 - - [15/May/2026:09:06:39 -0700] "GET /analiza-industriei-de-jocuri-de-noroc-online-tendinte-inovatii-si-platforme-de-incredere/ HTTP/1.1" 200 3810 "-" "Mozilla/5.0 (compatible; Barkrowler/0.9; +https://babbar.tech/crawler)" 126 **0/126058**
216.73.217.10 - - [15/May/2026:09:06:41 -0700] "GET /view/item/052305506802?fileloc=%2Fhome%2Ftvypkwena2lu%2Fpublic_html%2Fwp-content%2Fuploads%2Fapple-pay-apple.jpg&path=%2Fhome%2Ftvypkwena2lu%2Fpublic_html%2Fwp-content%2Fuploads HTTP/2.0" 200 2514 "-" "Mozilla/5.0 AppleWebKit/537.36 (KHTML, like Gecko; compatible; ClaudeBot/1.0; +claudebot@anthropic.com)" 174 **0/174061**
216.73.217.10 - - [15/May/2026:09:06:44 -0700] "GET /view/item/052305506802?fileloc=%2Fhome%2Ftvypkwena2lu%2Fpublic_html%2Fwp-content%2Fuploads%2Fcoffee-1.jpg&path=%2Fhome%2Ftvypkwena2lu%2Fpublic_html%2Fwp-content%2Fuploads HTTP/2.0" 200 2512 "-" "Mozilla/5.0 AppleWebKit/537.36 (KHTML, like Gecko; compatible; ClaudeBot/1.0; +claudebot@anthropic.com)" 140 **0/140453**
216.73.217.10 - - [15/May/2026:09:06:47 -0700] "GET /view/item/052305506802?fileloc=%2Fhome%2Ftvypkwena2lu%2Fpublic_html%2Fwp-content%2Fuploads%2Fdice-5012425-1280.jpg&path=%2Fhome%2Ftvypkwena2lu%2Fpublic_html%2Fwp-content%2Fuploads HTTP/2.0" 200 2520 "-" "Mozilla/5.0 AppleWebKit/537.36 (KHTML, like Gecko; compatible; ClaudeBot/1.0; +claudebot@anthropic.com)" 130 **0/130374**
216.73.217.10 - - [15/May/2026:09:06:50 -0700] "GET /view/item/052305506802?fileloc=%2Fhome%2Ftvypkwena2lu%2Fpublic_html%2Fwp-content%2Fuploads%2Fpulleys.jpg&path=%2Fhome%2Ftvypkwena2lu%2Fpublic_html%2Fwp-content%2Fuploads HTTP/2.0" 200 2511 "-" "Mozilla/5.0 AppleWebKit/537.36 (KHTML, like Gecko; compatible; ClaudeBot/1.0; +claudebot@anthropic.com)" 185 **0/185426**
114.119.145.129 - - [15/May/2026:09:06:53 -0700] "GET /category/children/page/15/ HTTP/1.1" 200 3810 "https://www.leageller.com/category/children/page/16/" "Mozilla/5.0 (Linux; Android 7.0;) AppleWebKit/537.36 (HTML, like Gecko) Mobile Safari/537.36 (compatible; PetalBot;+https://webmaster.petalsearch.com/site/petalbot)" 133 **0/133512**
216.73.217.10 - - [15/May/2026:09:06:53 -0700] "GET /view/item/052305506802?fileloc=%2Fhome%2Ftvypkwena2lu%2Fpublic_html%2Fwp-content%2Fuploads%2Fmolly.jpg&path=%2Fhome%2Ftvypkwena2lu%2Fpublic_html%2Fwp-content%2Fuploads HTTP/2.0" 200 2510 "-" "Mozilla/5.0 AppleWebKit/537.36 (KHTML, like Gecko; compatible; ClaudeBot/1.0; +claudebot@anthropic.com)" 135 **0/135942**
217.113.194.8 - - [15/May/2026:09:06:54 -0700] "GET /unlock-the-power-of-loyalty-how-mega-win-s-vip-program-elevates-your-gaming-experience/ HTTP/1.1" 200 3810 "-" "Mozilla/5.0 (compatible; Barkrowler/0.9; +https://babbar.tech/crawler)" 135 **0/135602**
216.73.217.10 - - [15/May/2026:09:06:56 -0700] "GET /view/item/0585436501?fileloc=%2Fhome%2Ftvypkwena2lu%2Fpublic_html%2Fwp-content%2Fuploads%2Fimg_19081.jpg&path=%2Fhome%2Ftvypkwena2lu%2Fpublic_html%2Fwp-content%2Fuploads HTTP/2.0" 200 2513 "-" "Mozilla/5.0 AppleWebKit/537.36 (KHTML, like Gecko; compatible; ClaudeBot/1.0; +claudebot@anthropic.com)" 133 **0/133177**
216.73.217.10 - - [15/May/2026:09:06:59 -0700] "GET /view/item/0585436501?fileloc=%2Fhome%2Ftvypkwena2lu%2Fpublic_html%2Fwp-content%2Fuploads%2Fapple-pay-apple-2.jpg&path=%2Fhome%2Ftvypkwena2lu%2Fpublic_html%2Fwp-content%2Fuploads HTTP/2.0" 200 2515 "-" "Mozilla/5.0 AppleWebKit/537.36 (KHTML, like Gecko; compatible; ClaudeBot/1.0; +claudebot@anthropic.com)" 152 **0/152881**
216.73.217.10 - - [15/May/2026:09:07:02 -0700] "GET /view/item/054256012376?fileloc=%2Fhome%2Ftvypkwena2lu%2F.bash_profile&path=%2Fhome%2Ftvypkwena2lu HTTP/2.0" 200 2586 "-" "Mozilla/5.0 AppleWebKit/537.36 (KHTML, like Gecko; compatible; ClaudeBot/1.0; +claudebot@anthropic.com)" 142 **0/142787**
216.73.217.10 - - [15/May/2026:09:07:05 -0700] "GET /view/item/052305506802?fileloc=%2Fhome%2Ftvypkwena2lu%2Fpublic_html%2Fwp-content%2Fuploads%2Fyuck.jpg&path=%2Fhome%2Ftvypkwena2lu%2Fpublic_html%2Fwp-content%2Fuploads HTTP/2.0" 200 2510 "-" "Mozilla/5.0 AppleWebKit/537.36 (KHTML, like Gecko; compatible; ClaudeBot/1.0; +claudebot@anthropic.com)" 126 **0/126882**
216.73.217.10 - - [15/May/2026:09:07:08 -0700] "GET /view/item/052305506802?fileloc=%2Fhome%2Ftvypkwena2lu%2Fpublic_html%2Fwp-content%2Fuploads%2Fimag0100.jpg&path=%2Fhome%2Ftvypkwena2lu%2Fpublic_html%2Fwp-content%2Fuploads HTTP/2.0" 200 2512 "-" "Mozilla/5.0 AppleWebKit/537.36 (KHTML, like Gecko; compatible; ClaudeBot/1.0; +claudebot@anthropic.com)" 156 **0/156368**
217.113.194.2 - - [15/May/2026:09:07:10 -0700] "GET /besplatnye-pin-ap-kazino-vkhodpinap-kazino-mesta-onlayn-bez-menyu/ HTTP/1.1" 200 3810 "-" "Mozilla/5.0 (compatible; Barkrowler/0.9; +https://babbar.tech/crawler)" 134 **0/134148**
216.73.217.10 - - [15/May/2026:09:07:11 -0700] "GET /view/item/052305506802?fileloc=%2Fhome%2Ftvypkwena2lu%2Fpublic_html%2Fwp-content%2Fuploads%2Fcar.jpg&path=%2Fhome%2Ftvypkwena2lu%2Fpublic_html%2Fwp-content%2Fuploads HTTP/2.0" 200 2508 "-" "Mozilla/5.0 AppleWebKit/537.36 (KHTML, like Gecko; compatible; ClaudeBot/1.0; +claudebot@anthropic.com)" 152 **0/152491**
216.73.217.10 - - [15/May/2026:09:07:14 -0700] "GET /view/item/052305506802?fileloc=%2Fhome%2Ftvypkwena2lu%2Fpublic_html%2Fwp-content%2Fuploads%2Fpage-5_1-768x349.jpeg&path=%2Fhome%2Ftvypkwena2lu%2Fpublic_html%2Fwp-content%2Fuploads HTTP/2.0" 200 2519 "-" "Mozilla/5.0 AppleWebKit/537.36 (KHTML, like Gecko; compatible; ClaudeBot/1.0; +claudebot@anthropic.com)" 138 **0/138578**
216.73.217.10 - - [15/May/2026:09:07:17 -0700] "GET /view/item/0585436501?fileloc=%2Fhome%2Ftvypkwena2lu%2Fpublic_html%2Fwp-content%2Fuploads%2Femail-320x320.png&path=%2Fhome%2Ftvypkwena2lu%2Fpublic_html%2Fwp-content%2Fuploads HTTP/2.0" 200 2514 "-" "Mozilla/5.0 AppleWebKit/537.36 (KHTML, like Gecko; compatible; ClaudeBot/1.0; +claudebot@anthropic.com)" 179 **0/179699**
216.73.217.10 - - [15/May/2026:09:07:20 -0700] "GET /view/item/052305506802?fileloc=%2Fhome%2Ftvypkwena2lu%2Fpublic_html%2Fwp-content%2Fuploads%2F36-kopija-22.jpeg&path=%2Fhome%2Ftvypkwena2lu%2Fpublic_html%2Fwp-content%2Fuploads HTTP/2.0" 200 2516 "-" "Mozilla/5.0 AppleWebKit/537.36 (KHTML, like Gecko; compatible; ClaudeBot/1.0; +claudebot@anthropic.com)" 145 **0/145517**
216.73.217.10 - - [15/May/2026:09:07:23 -0700] "GET /view/item/0585436501?fileloc=%2Fhome%2Ftvypkwena2lu%2Fpublic_html%2Fwp-content%2Fuploads%2Fcanada-320x320.jpg&path=%2Fhome%2Ftvypkwena2lu%2Fpublic_html%2Fwp-content%2Fuploads HTTP/2.0" 200 2516 "-" "Mozilla/5.0 AppleWebKit/537.36 (KHTML, like Gecko; compatible; ClaudeBot/1.0; +claudebot@anthropic.com)" 175 **0/175767**
217.113.194.203 - - [15/May/2026:09:07:25 -0700] "GET /jackpotlarin-sirri-1win-d-klassik-v-muasir-slotlarin-d-rin-analizi/ HTTP/1.1" 200 3810 "-" "Mozilla/5.0 (compatible; Barkrowler/0.9; +https://babbar.tech/crawler)" 126 **0/126118**
216.73.217.10 - - [15/May/2026:09:07:26 -0700] "GET /view/item/0585436501?fileloc=%2Fhome%2Ftvypkwena2lu%2Fpublic_html%2Fwp-content%2Fuploads%2Fgelt.jpg&path=%2Fhome%2Ftvypkwena2lu%2Fpublic_html%2Fwp-content%2Fuploads HTTP/2.0" 200 2509 "-" "Mozilla/5.0 AppleWebKit/537.36 (KHTML, like Gecko; compatible; ClaudeBot/1.0; +claudebot@anthropic.com)" 154 **0/154110**
216.73.217.10 - - [15/May/2026:09:07:29 -0700] "GET /view/item/0585436501?fileloc=%2Fhome%2Ftvypkwena2lu%2Fpublic_html%2Fwp-content%2Fuploads%2Farticle_397-320x320.jpg&path=%2Fhome%2Ftvypkwena2lu%2Fpublic_html%2Fwp-content%2Fuploads HTTP/2.0" 200 2520 "-" "Mozilla/5.0 AppleWebKit/537.36 (KHTML, like Gecko; compatible; ClaudeBot/1.0; +claudebot@anthropic.com)" 134 **0/134502**
216.73.217.10 - - [15/May/2026:09:07:32 -0700] "GET /view/item/054256012376?fileloc=%2Fhome%2Ftvypkwena2lu%2F.bashrc&path=%2Fhome%2Ftvypkwena2lu HTTP/2.0" 200 2545 "-" "Mozilla/5.0 AppleWebKit/537.36 (KHTML, like Gecko; compatible; ClaudeBot/1.0; +claudebot@anthropic.com)" 126 **0/126049**
216.73.217.10 - - [15/May/2026:09:07:35 -0700] "GET /view/item/0585436501?fileloc=%2Fhome%2Ftvypkwena2lu%2Fpublic_html%2Fwp-content%2Fuploads%2Farticle_1124-320x320.jpg&path=%2Fhome%2Ftvypkwena2lu%2Fpublic_html%2Fwp-content%2Fuploads HTTP/2.0" 200 2520 "-" "Mozilla/5.0 AppleWebKit/537.36 (KHTML, like Gecko; compatible; ClaudeBot/1.0; +claudebot@anthropic.com)" 143 **0/143810**
216.73.217.10 - - [15/May/2026:09:07:38 -0700] "GET /view/item/052305506802?fileloc=%2Fhome%2Ftvypkwena2lu%2Fpublic_html%2Fwp-content%2Fuploads%2Fsand1.jpg&path=%2Fhome%2Ftvypkwena2lu%2Fpublic_html%2Fwp-content%2Fuploads HTTP/2.0" 200 2509 "-" "Mozilla/5.0 AppleWebKit/537.36 (KHTML, like Gecko; compatible; ClaudeBot/1.0; +claudebot@anthropic.com)" 146 **0/146273**
216.73.217.10 - - [15/May/2026:09:07:41 -0700] "GET /view/item/052305506802?fileloc=%2Fhome%2Ftvypkwena2lu%2Fpublic_html%2Fwp-content%2Fuploads%2Fgarage.jpg&path=%2Fhome%2Ftvypkwena2lu%2Fpublic_html%2Fwp-content%2Fuploads HTTP/2.0" 200 2510 "-" "Mozilla/5.0 AppleWebKit/537.36 (KHTML, like Gecko; compatible; ClaudeBot/1.0; +claudebot@anthropic.com)" 130 **0/130787**
217.113.194.203 - - [15/May/2026:09:07:41 -0700] "GET /il-ruolo-del-multiplayer-nel-successo-dei-gaming-online-analisi-e-tendenze/ HTTP/1.1" 200 3810 "-" "Mozilla/5.0 (compatible; Barkrowler/0.9; +https://babbar.tech/crawler)" 118 **0/118152**
216.73.217.10 - - [15/May/2026:09:07:44 -0700] "GET /view/item/0585436501?fileloc=%2Fhome%2Ftvypkwena2lu%2Fpublic_html%2Fwp-content%2Fuploads%2Fmaria.jpg&path=%2Fhome%2Ftvypkwena2lu%2Fpublic_html%2Fwp-content%2Fuploads HTTP/2.0" 200 2509 "-" "Mozilla/5.0 AppleWebKit/537.36 (KHTML, like Gecko; compatible; ClaudeBot/1.0; +claudebot@anthropic.com)" 125 **0/125343**
216.73.217.10 - - [15/May/2026:09:07:47 -0700] "GET /view/item/0585436501?fileloc=%2Fhome%2Ftvypkwena2lu%2Fpublic_html%2Fwp-content%2Fuploads%2Fapple-pay-apple.jpg&path=%2Fhome%2Ftvypkwena2lu%2Fpublic_html%2Fwp-content%2Fuploads HTTP/2.0" 200 2514 "-" "Mozilla/5.0 AppleWebKit/537.36 (KHTML, like Gecko; compatible; ClaudeBot/1.0; +claudebot@anthropic.com)" 153 **0/153043**
216.73.217.10 - - [15/May/2026:09:07:50 -0700] "GET /view/item/0585436501?fileloc=%2Fhome%2Ftvypkwena2lu%2Fpublic_html%2Fwp-content%2Fuploads%2Fcoffee-1.jpg&path=%2Fhome%2Ftvypkwena2lu%2Fpublic_html%2Fwp-content%2Fuploads HTTP/2.0" 200 2512 "-" "Mozilla/5.0 AppleWebKit/537.36 (KHTML, like Gecko; compatible; ClaudeBot/1.0; +claudebot@anthropic.com)" 123 **0/123588**
216.73.217.10 - - [15/May/2026:09:07:54 -0700] "GET /view/item/05127960988?path=%2Fhome%2Ftvypkwena2lu%2Fpublic_html%2Fcgi-bin HTTP/2.0" 200 2891 "-" "Mozilla/5.0 AppleWebKit/537.36 (KHTML, like Gecko; compatible; ClaudeBot/1.0; +claudebot@anthropic.com)" 143 **0/143302**
217.113.194.11 - - [15/May/2026:09:07:57 -0700] "GET /how-enactusslc-ca-helped-a-busy-professional-find-love-across-borders-this-summer-8/ HTTP/1.1" 200 3810 "-" "Mozilla/5.0 (compatible; Barkrowler/0.9; +https://babbar.tech/crawler)" 131 **0/131403**
216.73.217.10 - - [15/May/2026:09:07:57 -0700] "GET /view/item/053448312577?path=%2Fhome%2Ftvypkwena2lu%2Fpublic_html%2Fwp-includes%2FText HTTP/2.0" 200 2958 "-" "Mozilla/5.0 AppleWebKit/537.36 (KHTML, like Gecko; compatible; ClaudeBot/1.0; +claudebot@anthropic.com)" 148 **0/148572**
216.73.217.10 - - [15/May/2026:09:08:00 -0700] "GET /view/item/053296923244?path=%2Fhome%2Ftvypkwena2lu%2Fpublic_html%2Fwp-includes%2FSimplePie HTTP/2.0" 200 3971 "-" "Mozilla/5.0 AppleWebKit/537.36 (KHTML, like Gecko; compatible; ClaudeBot/1.0; +claudebot@anthropic.com)" 157 **0/157878**
